2, 23
What are the prime factors of (-42)/35*(-560)/6?
2, 7
Suppose -2*o - 5 - 21 = 0. Let u = -3 - o. List the prime factors of u.
2, 5
Let q = -8 - -8. Let k = -4 + q. What are the prime factors of 10/40 + (-59)/k?
3, 5
Let x be (-3 - -12)/1 + -1. What are the prime factors of 118/x - (-1)/4?
3, 5
Let n be 3*(-3 - -2) + 11. Suppose 2*k - n = -2*k. What are the prime factors of k?
2
Let v = 16 - 12. List the prime factors of (36/(-3))/v - -17.
2, 7
Suppose 0 = -m - 2*m - 3*p - 75, -3*m = -4*p + 103. Let f = m + 11. Let j = f - -26. List the prime factors of j.
2
Let r be (7/(-14))/((-2)/(-4)). Let b = r - -8. Suppose 4*y - b = -2*c - 1, -5*c = -5*y - 30. List the prime factors of c.
5
List the prime factors of 36/(-60) + ((-476)/(-10))/1.
47
Let c = -21 + 53. What are the prime factors of c?
2
Let l(r) = -r**3 + 3*r**2 - r. Let s be l(2). Let c = 5 - s. List the prime factors of c.
3
Let a(z) = -z**2 + 6*z + 9. Let l be a(7). Suppose h + l = 10. List the prime factors of h.
2
Let v(r) = -5*r - 1. Let x be v(-1). What are the prime factors of 104/28 - x/(-14)?
2
Let d(f) = 4*f + 1. Let o be d(1). Let r = -1 + o. Let v = r - 1. List the prime factors of v.
3
Suppose p + 8 = 72. Suppose q = p - 15. What are the prime factors of q?
7
Let a = 1 + -3. Let t(q) = 19*q**2 + 2*q. Let j be t(a). List the prime factors of j/16*1*4.
2, 3
Suppose 3 + 0 = n. Suppose -35 = -2*l - n. What are the prime factors of l?
2
Let v(w) = w + 7. Let o be v(0). Suppose -3*s - o = -4*s. List the prime factors of -3 + 2 + 1 + s.
7
Let o be (7/(-3))/((-1)/(-3)). Let u be -1 + 1 + (10 - 2). List the prime factors of (o - -1)*u/(-3).
2
Let z(l) = l**2 + 7*l + 2. Let q be z(-7). Suppose -q*m + 6*m = -8, 0 = -4*g - 5*m + 6. Suppose 0*w + 12 = 4*w - n, 3 = w + g*n. List the prime factors of w.
3
Let k = -12 - -5. Let f = k + 11. What are the prime factors of f?
2
Let j(w) = w**3 - 5*w**2 - 3. Let p be j(5). List the prime factors of (-2 - p)/(2/26).
13
Suppose -4*i = 5*t - 16, i + 43 = 4*i - 4*t. Let h(m) = -m + 12. Let l be h(i). Suppose 2*n - 3*q - 8 - 1 = 0, q = l*n - 31. What are the prime factors of n?
2, 3
Let t(h) = h**3 + 10*h**2 - h - 10. Let c be t(-10). Suppose c*p + 3*p = 108. List the prime factors of p.
2, 3
Let h(k) be the first derivative of -k**2/2 + 13*k - 3. What are the prime factors of h(9)?
2
What are the prime factors of 2/4 + 82/4?
3, 7
Let q(x) = 3*x**2 + 13*x - 6. What are the prime factors of q(-6)?
2, 3
Let h = -98 - -143. List the prime factors of h.
3, 5
Suppose 0*a + 4*a - 20 = 0. Suppose 0*z - 2*z = -3*j - 2, -z = a*j - 14. What are the prime factors of j?
2
Let l(x) = -x**2 + 3*x. Let u be l(4). Let g be ((-2)/(-4))/((-1)/u). List the prime factors of (-16)/(-2) + g/2.
3
Let a = 3 - 9. Let s = 13 + a. Suppose -b - s = -5*o, 0*o = -4*o + 12. What are the prime factors of b?
2
Suppose -1 + 26 = 5*i + 2*a, 15 = 3*i - a. Suppose -i*v = 2*m - 35, 5*v = -m - 9 + 44. What are the prime factors of v?
7
Let u(n) = -11*n + 12. Let k be u(6). List the prime factors of (-9)/k + (-106)/(-12).
3
Let d = 13 + -7. Let q be 15/(-25) - d/(-10). Let j(t) = -t**3 + t**2 + 8. List the prime factors of j(q).
2
Let u(s) = 15*s - 1. Let m be u(4). Let z = m - 19. List the prime factors of z.
2, 5
Let v = -16 + 41. List the prime factors of v.
5
Let d be 2/(-4)*-4*2. Suppose 4*k - 39 = -5*o + 24, 12 = -d*k. What are the prime factors of o?
3, 5
Let z(v) be the second derivative of 2*v + 1/12*v**4 + 0 - 9/2*v**2 + 2/3*v**3. What are the prime factors of z(-7)?
2, 3
List the prime factors of ((-11)/(275/(-720)))/((-2)/(-10)).
2, 3
Let k(x) = -x**3 + 5*x**2 - 4*x + 4. Let w be k(4). Suppose -w*f + f = -45. List the prime factors of f.
3, 5
Let z = 65 + -37. Suppose -2*j - 2*j = -z. Suppose 0 = -5*l, g - 4*l - j = -0*g. List the prime factors of g.
7
Let y(n) = -3 - n + 3 + 1. Let a be y(-4). Suppose -2*g - 3*g = 4*h - 44, 0 = a*h - 3*g - 55. List the prime factors of h.
11
Let t(p) = p**2 + 4 - 3*p + 2 + 0*p. Let r be t(6). Suppose 4*y = -d + 22 + r, 3*d - 17 = -y. List the prime factors of y.
11
Suppose 0 = f + 43 - 150. What are the prime factors of f?
107
Suppose 4*d - 4*v + 24 = 0, -v = -0*d + 5*d. Let j(p) = 6*p**2 + 2*p + 1. Let w be j(-1). Let c = w - d. List the prime factors of c.
2, 3
List the prime factors of (-12)/42 + (-368)/(-14).
2, 13
Suppose 4*u = -x + 20, 3*u - 17 = -x - 0. What are the prime factors of x?
2
Suppose -3*h = 2*h. Let t(b) = b**2 + b + 5. Let r be t(h). Suppose r*c = -51 + 136. List the prime factors of c.
17
Let a(m) = m**2 + 5*m - 3. Let s be a(-6). Suppose l - 19 = -v + 4*l, 0 = 2*l + 4. Suppose v + s = 2*f. What are the prime factors of f?
2
Let v = -59 + 200. What are the prime factors of v?
3, 47
Suppose 0 = 3*h + 2*h - 20. Suppose -h*i = -5 - 3. Suppose 3*f - i*k - 1 = -0*k, 5*k = 3*f + 11. List the prime factors of f.
3
Let u = 5 + -2. Suppose 9 = u*h - 45. List the prime factors of h.
2, 3
Suppose -4*w = 3*s - s - 296, 3*s - 424 = -w. Suppose 3*m = -m + s. What are the prime factors of m?
5, 7
Let x = -125 + 206. List the prime factors of x.
3
Let v be (-38)/(-7) - (-16)/28. Let o(b) = 5*b - 15. List the prime factors of o(v).
3, 5
Suppose -6 = -2*s - k, -3*s = -5*s + 4*k + 16. Let j(d) = 3*d - 4. Let g be j(s). Let x = g - 3. What are the prime factors of x?
5
Let a = -7 + 5. Let w be (-6)/12 - 5/a. List the prime factors of (w/4)/(2/48).
2, 3
Suppose 0*u - 4*u + 8 = 0. Suppose -s - 2 = -n, u*n - 2*s - s = 1. What are the prime factors of n?
5
Let n(l) be the third derivative of -l**6/120 + l**4/24 + 5*l**3/2 + 4*l**2. What are the prime factors of n(0)?
3, 5
Suppose 4*o = -0*o + 64. What are the prime factors of (4/(-4))/((-2)/o)?
2
Suppose -4*j = 2*s + 16 - 42, 0 = 5*j + 4*s - 40. Suppose j + 0 = i. Suppose -22 = -i*h + 6. What are the prime factors of h?
7
Let p(k) = -k. Let m(j) = 5*j - 2. Let w(n) = -m(n) - 2*p(n). Let h be w(-3). Suppose 4*y = 55 - h. List the prime factors of y.
11
Suppose -133 - 189 = -7*r. List the prime factors of r.
2, 23
Let s be 3/(7/((-84)/9)). Let h(f) = 13*f**3 - f**2 + f - 1. Let k be h(1). List the prime factors of s + k - 1*-1.
3
Suppose 0 = -4*t + 3*t - 2. What are the prime factors of (-26)/(-4)*(t + 4)?
13
Suppose -5*p + 587 = 2*c + 30, -3*c = 12. What are the prime factors of p?
113
Let d = -21 + 40. List the prime factors of d.
19
Suppose 4*x = 3 + 37. List the prime factors of x.
2, 5
Let x be -1*(6/(-1) + 1). Suppose -x*g + 3*v - 19 = 0, 5*v = -4*g + 4 + 3. What are the prime factors of (-5 - -4)/(g/6)?
3
Let l(f) = f**2 + 3*f + 5. Suppose -5*j + 2*m + 4 = 0, 3 = 3*m - 6. Suppose -2*a - 2*a = -j*b + 22, -2*a - 10 = -2*b. What are the prime factors of l(a)?
23
Suppose -4*h + 15 = -45. What are the prime factors of h?
3, 5
Let b = -106 - -156. List the prime factors of b.
2, 5
Suppose h - y - 9 = 0, 5*h - 2*y - 45 = 2*y. Let i be (16 - 1)*3/h. Suppose -5 = i*q - 20. List the prime factors of q.
3
Let g(o) = -o**2 + 3*o + 4. Let l be g(3). Let a = 7 - l. Suppose -4*b - a*j + 26 = -0*b, 34 = 4*b - j. List the prime factors of b.
2
Let f(q) = -9*q**2 + 1. Let l be f(-1). Let n(r) = 2*r**2 + 3*r + 2. Let t be n(-2). What are the prime factors of l/(-3)*18/t?
2, 3
Let m(s) = -s**3 - 3*s**2 - s - 1. Let c be m(-3). Let f(h) = 8*h**2 - 3*h + 3. List the prime factors of f(c).
29
Let q = 8 - 8. Suppose -2*b + 76 = 4*x, b = x - q*x - 22. What are the prime factors of x?
2, 5
Let w = 17 - -8. List the prime factors of w.
5
Suppose -2*i + 3*o = 15, -3*o + 0*o - 15 = 0. What are the prime factors of (32/3)/((-5)/i)?
2
Suppose 0 = -5*v + 2*v + 12. Let p(s) = 3*s + 4. Let o(c) = -3*c - 5. Let h(z) = 6*o(z) + 7*p(z). What are the prime factors of h(v)?
2, 5
Let w(j) be the second derivative of j**6/180 + j**5/120 + j**4/6 - j. Let b(p) be the third derivative of w(p). List the prime factors of b(3).
13
Let i(d) = -26*d**2 + 4*d - 11. Let f(c) = 13*c**2 - 2*c + 6. Let s(h) = -7*f(h) - 4*i(h). List the prime factors of s(1).
13
Let q = -469 + 801. What are the prime factors of q?
2, 83
Let b(l) = 3*l - 2. Let g = 5 + 0. List the prime factors of b(g).
13
Let a = 15 - -15. Suppose 2*k = 4*k - a. List the prime factors of k.
3, 5
Let h(n) = n**2 - 4*n + 2. Let i be h(5). Suppose -i*v + 2*v = 2*d - 25, d 